 is the remainder when 258443 is divided by 15202?
9
What is the remainder when 1078 is divided by 355?
13
Calculate the remainder when 58842 is divided by 8.
2
Calculate the remainder when 5012 is divided by 1401.
809
What is the remainder when 192526 is divided by 64168?
22
Calculate the remainder when 119781 is divided by 70.
11
What is the remainder when 276 is divided by 93?
90
Calculate the remainder when 11131 is divided by 2083.
716
What is the remainder when 45931 is divided by 753?
751
Calculate the remainder when 11567445 is divided by 17.
16
Calculate the remainder when 103186 is divided by 670.
6
Calculate the remainder when 699839 is divided by 240.
239
Calculate the remainder when 19546 is divided by 9767.
12
What is the remainder when 13704 is divided by 79?
37
Calculate the remainder when 1538600 is divided by 2976.
8
Calculate the remainder when 17463 is divided by 266.
173
What is the remainder when 3897 is divided by 23?
10
Calculate the remainder when 1660 is divided by 437.
349
Calculate the remainder when 2256 is divided by 699.
159
Calculate the remainder when 35878 is divided by 187.
161
What is the remainder when 2410 is divided by 254?
124
What is the remainder when 15491 is divided by 1191?
8
What is the remainder when 97400 is divided by 9?
2
What is the remainder when 753620 is divided by 9?
5
What is the remainder when 220113 is divided by 4?
1
Calculate the remainder when 1444 is divided by 190.
114
Calculate the remainder when 25033 is divided by 12498.
37
Calculate the remainder when 653850 is divided by 84.
78
What is the remainder when 1800 is divided by 18?
0
Calculate the remainder when 19567 is divided by 51.
34
Calculate the remainder when 3043 is divided by 1507.
29
What is the remainder when 25261 is divided by 2525?
11
What is the remainder when 315 is divided by 38?
11
Calculate the remainder when 81643 is divided by 3.
1
What is the remainder when 13428 is divided by 146?
142
What is the remainder when 27294 is divided by 440?
14
What is the remainder when 325 is divided by 304?
21
What is the remainder when 9259 is divided by 579?
574
Calculate the remainder when 64018 is divided by 136.
98
What is the remainder when 4314 is divided by 4305?
9
What is the remainder when 3568 is divided by 772?
480
Calculate the remainder when 41407 is divided by 518.
485
What is the remainder when 164148 is divided by 14?
12
Calculate the remainder when 11785 is divided by 313.
204
Calculate the remainder when 33223 is divided by 679.
631
What is the remainder when 1011 is divided by 896?
115
Calculate the remainder when 2677901 is divided by 9.
5
Calculate the remainder when 35517 is divided by 24.
21
What is the remainder when 22509 is divided by 15?
9
What is the remainder when 2098058 is divided by 699352?
2
What is the remainder when 61234 is divided by 137?
132
Calculate the remainder when 670891 is divided by 2077.
20
What is the remainder when 237564 is divided by 478?
476
What is the remainder when 585417 is divided by 104?
1
What is the remainder when 974 is divided by 121?
6
What is the remainder when 9436 is divided by 210?
196
What is the remainder when 4265 is divided by 608?
9
What is the remainder when 240895 is divided by 292?
287
What is the remainder when 21200 is divided by 684?
680
What is the remainder when 8848 is divided by 238?
42
What is the remainder when 382222 is divided by 15925?
22
Calculate the remainder when 51120 is divided by 5046.
660
Calculate the remainder when 103248 is divided by 890.
8
Calculate the remainder when 72162 is divided by 51.
48
Calculate the remainder when 18640 is divided by 12.
4
Calculate the remainder when 286891 is divided by 24.
19
Calculate the remainder when 51082 is divided by 762.
28
Calculate the remainder when 402479 is divided by 1813.
1806
Calculate the remainder when 14563 is divided by 2419.
49
What is the remainder when 464 is divided by 164?
136
Calculate the remainder when 5088 is divided by 2460.
168
What is the remainder when 929005 is divided by 981?
979
What is the remainder when 102047 is divided by 498?
455
What is the remainder when 35327 is divided by 384?
383
Calculate the remainder when 1177858 is divided by 20.
18
Calculate the remainder when 141067 is divided by 35259.
31
What is the remainder when 86780 is divided by 335?
15
What is the remainder when 1045 is divided by 92?
33
Calculate the remainder when 8544 is divided by 1705.
19
Calculate the remainder when 2728 is divided by 2608.
120
Calculate the remainder when 38439 is divided by 258.
255
What is the remainder when 22182 is divided by 39?
30
Calculate the remainder when 16240 is divided by 5413.
1
What is the remainder when 901747 is divided by 125?
122
Calculate the remainder when 246045 is divided by 518.
513
What is the remainder when 25820 is divided by 833?
830
Calculate the remainder when 1308 is divided by 39.
21
What is the remainder when 16162 is divided by 5385?
7
What is the remainder when 2911 is divided by 480?
31
Calculate the remainder when 2804 is divided by 497.
319
Calculate the remainder when 210878 is divided by 189.
143
What is the remainder when 161647 is divided by 40411?
3
Calculate the remainder when 3094 is divided by 2799.
295
Calculate the remainder when 537 is divided by 470.
67
Calculate the remainder when 9072 is divided by 189.
0
What is the remainder when 30883 is divided by 87?
85
Calculate the remainder when 8484 is divided by 173.
7
What is the remainder when 3681 is divided by 194?
189
What is the remainder when 8154 is divided by 723?
201
Calculate the remainder when 4771 is divided by 2249.
273
Calculate the remainder when 56449 is divided by 236.
45
Calculate the remainder when 45420 is divided by 213.
51
What is the remainder when 331493 is divided by 500?
493
Calculate the remainder when 123481 is divided by 23.
17
Calculate the remainder when 13316 is divided by 44.
28
What is the remainder when 1779 is divided by 26?
11
What is the remainder when 1876 is divided by 150?
76
Calculate the remainder when 19160 is divided by 434.
64
Calculate the remainder when 14589 is divided by 503.
2
Calculate the remainder when 207530 is divided by 993.
986
Calculate the remainder when 136889 is divided by 5703.
17
Calculate the remainder when 31585 is divided by 10410.
355
What is the remainder when 15117 is divided by 55?
47
Calculate the remainder when 5170 is divided by 25.
20
What is the remainder when 5594 is divided by 144?
122
Calculate the remainder when 856931 is divided by 46.
43
Calculate the remainder when 29 is divided by 12.
5
Calculate the remainder when 2925 is divided by 47.
11
What is the remainder when 13745 is divided by 181?
170
What is the remainder when 1398002 is divided by 746?
744
Calculate the remainder when 2978599 is divided by 1054.
1049
Calculate the remainder when 1253 is divided by 362.
167
Calculate the remainder when 13328 is divided by 34.
0
Calculate the remainder when 2978 is divided by 4.
2
What is the remainder when 207139 is divided by 154?
9
Calculate the remainder when 62569 is divided by 1138.
1117
What is the remainder when 49779 is divided by 49720?
59
What is the remainder when 80595 is divided by 798?
795
What is the remainder when 1427 is divided by 453?
68
Calculate the remainder when 13557 is divided by 331.
317
What is the remainder when 70975 is divided by 5913?
19
Calculate the remainder when 20705 is divided by 31.
28
What is the remainder when 34499 is divided by 230?
229
What is the remainder when 3152 is divided by 243?
236
Calculate the remainder when 4741 is divided by 2365.
11
What is the remainder when 253398 is divided by 257?
253
Calculate the remainder when 4247 is divided by 4237.
10
Calculate the remainder when 317771 is divided by 63552.
11
What is the remainder when 31642 is divided by 4485?
247
What is the remainder when 26785 is divided by 5357?
0
What is the remainder when 27422 is divided by 11?
10
What is the remainder when 21705 is divided by 134?
131
What is the remainder when 658 is divided by 656?
2
What is the remainder when 3347 is divided by 1494?
359
What is the remainder when 1388 is divided by 281?
264
Calculate the remainder when 16765 is divided by 8.
5
C